{"id":132,"date":"2023-03-20T10:28:56","date_gmt":"2023-03-20T09:28:56","guid":{"rendered":"http:\/\/www.laserantitabac.pro\/?page_id=132"},"modified":"2023-04-04T08:34:16","modified_gmt":"2023-04-04T06:34:16","slug":"lalcool","status":"publish","type":"page","link":"https:\/\/www.laserantitabac.pro\/index.php\/lalcool\/","title":{"rendered":"L&rsquo;alcool"},"content":{"rendered":"\n<div class=\"wp-block-columns is-layout-flex wp-container-core-columns-is-layout-9d6595d7 wp-block-columns-is-layout-flex\">\n<div class=\"wp-block-column is-layout-flow wp-block-column-is-layout-flow\">\n<h2 class=\"wp-block-heading\">Les bienfaits du sevrage alcoolique sur votre sant\u00e9<\/h2>\n\n\n\n<p>La consommation d&rsquo;alcool est la premi\u00e8re cause de cirrhose du foie en France et pres de 12 000 personnes en d\u00e9c\u00e8dent chaque ann\u00e9e. <\/p>\n\n\n\n<p>Elle aggrave \u00e9galement les maladies du foie telles que l\u2019H\u00e9patite C. <\/p>\n\n\n\n<p>Sa consommation excessive ne cause pas des d\u00e9g\u00e2ts uniquement sur la sant\u00e9 mais elle dissout aussi les liens familiaux, les liens sociaux et professionnels. <\/p>\n\n\n\n<p>C\u2019est la vie de la personne alcoolique, dans tous ses aspects, qui est impact\u00e9e. <\/p>\n\n\n\n<p>L\u2019arr\u00eat de l\u2019alcool aura donc des bienfaits sur tous les plans de la vie de l\u2019individu et votre th\u00e9rapeute sera l\u00e0 pour vous accompagner et vous garantir le sevrage le mieux adapt\u00e9.<\/p>\n<\/div>\n\n\n\n<div class=\"wp-block-column is-layout-flow wp-block-column-is-layout-flow\">\n<figure class=\"wp-block-image size-large\"><img fetchpriority=\"high\" decoding=\"async\" width=\"768\" height=\"1024\" src=\"https:\/\/www.laserantitabac.pro\/wp-content\/uploads\/2023\/04\/2022-12-05-12.42.41-768x1024.jpg\" alt=\"\" class=\"wp-image-233\" srcset=\"https:\/\/www.laserantitabac.pro\/wp-content\/uploads\/2023\/04\/2022-12-05-12.42.41-768x1024.jpg 768w, https:\/\/www.laserantitabac.pro\/wp-content\/uploads\/2023\/04\/2022-12-05-12.42.41-225x300.jpg 225w, https:\/\/www.laserantitabac.pro\/wp-content\/uploads\/2023\/04\/2022-12-05-12.42.41-1152x1536.jpg 1152w, https:\/\/www.laserantitabac.pro\/wp-content\/uploads\/2023\/04\/2022-12-05-12.42.41-1536x2048.jpg 1536w, https:\/\/www.laserantitabac.pro\/wp-content\/uploads\/2023\/04\/2022-12-05-12.42.41-scaled.jpg 1920w\" sizes=\"(max-width: 768px) 100vw, 768px\" \/><\/figure>\n<\/div>\n<\/div>\n\n\n\n<div class=\"wp-block-columns has-neve-link-color-background-color has-background is-layout-flex wp-container-core-columns-is-layout-9d6595d7 wp-block-columns-is-layout-flex\">\n<div class=\"wp-block-column is-layout-flow wp-block-column-is-layout-flow\">\n<p><strong>FOIE :&nbsp;<\/strong>Le foie pourra se r\u00e9g\u00e9n\u00e9rer et se remettre \u00e0 fonctionner normalement.<\/p>\n\n\n\n<p><strong>POIDS :&nbsp;<\/strong>C\u2019est sans doute le premier b\u00e9n\u00e9fice que la personne qui arr\u00eate de boire va remarquer. En effet, l\u2019alcool contient beaucoup de calories et de lipides c\u2019est pourquoi la personne qui arr\u00eate de boire va voir sa masse graisseuse diminuer rapidement et notamment elle verra son ventre d\u00e9gonfler.<\/p>\n\n\n\n<p><strong>ORGANISME :&nbsp;<\/strong>La fatigue diminue et la personne qui arr\u00eate de boire retrouve de l\u2019\u00e9nergie et voit une am\u00e9lioration de son sommeil.<\/p>\n<\/div>\n\n\n\n<div class=\"wp-block-column is-layout-flow wp-block-column-is-layout-flow\">\n<p><strong>PEAU :&nbsp;<\/strong>L&rsquo;alcool dilate les parois des vaisseaux sanguins, ce qui cr\u00e9e une fragilit\u00e9 vasculaire et entra\u00eene des signes de couperose. Quand la personne arr\u00eate de boire de l&rsquo;alcool, sa peau va se r\u00e9g\u00e9n\u00e9rer, les rougeurs vont peu \u00e0 peu disparaitre et son hydratation sera meilleure.<\/p>\n\n\n\n<p><strong>TREMBLEMENTS et VERTIGES :&nbsp;<\/strong>Ils s&rsquo;arr\u00eatent. La personne qui arr\u00eate de boire reprend la ma\u00eetrise de son corps. La confiance en soi revient et l\u2019image de soi devient meilleure.<\/p>\n<\/div>\n<\/div>\n","protected":false},"excerpt":{"rendered":"<p>Les bienfaits du sevrage alcoolique sur votre sant\u00e9 La consommation d&rsquo;alcool est la premi\u00e8re cause de cirrhose du foie en France et pres de 12 000 personnes en d\u00e9c\u00e8dent chaque ann\u00e9e. Elle aggrave \u00e9galement les maladies du foie telles que l\u2019H\u00e9patite C. Sa consommation excessive ne cause pas des d\u00e9g\u00e2ts uniquement sur la sant\u00e9 mais elle dissout aussi les liens familiaux, les liens sociaux et professionnels. C\u2019est la vie de la personne alcoolique, dans tous ses aspects, qui est impact\u00e9e. L\u2019arr\u00eat de l\u2019alcool aura donc des bienfaits sur tous les plans de la vie de l\u2019individu et votre th\u00e9rapeute sera l\u00e0 pour vous accompagner et vous garantir le sevrage le mieux adapt\u00e9. FOIE :&nbsp;Le foie pourra se r\u00e9g\u00e9n\u00e9rer et se remettre \u00e0 fonctionner normalement. POIDS :&nbsp;C\u2019est sans doute le premier b\u00e9n\u00e9fice que la personne qui arr\u00eate de boire va remarquer. En effet, l\u2019alcool contient beaucoup de calories et de lipides c\u2019est pourquoi la personne qui arr\u00eate de boire va voir sa masse graisseuse diminuer rapidement et notamment elle verra son ventre d\u00e9gonfler. ORGANISME :&nbsp;La fatigue diminue et la personne qui arr\u00eate de boire retrouve de l\u2019\u00e9nergie et voit une am\u00e9lioration de son sommeil. PEAU :&nbsp;L&rsquo;alcool dilate les parois des vaisseaux sanguins, ce qui cr\u00e9e une fragilit\u00e9 vasculaire et entra\u00eene des signes de couperose. Quand la personne arr\u00eate de boire de l&rsquo;alcool, sa peau va se r\u00e9g\u00e9n\u00e9rer, les rougeurs vont peu \u00e0 peu disparaitre et son hydratation sera meilleure. TREMBLEMENTS et VERTIGES :&nbsp;Ils s&rsquo;arr\u00eatent. La personne qui arr\u00eate de boire reprend la ma\u00eetrise de son corps. La confiance en soi revient et l\u2019image de soi devient meilleure.<\/p>\n","protected":false},"author":1,"featured_media":0,"parent":0,"menu_order":0,"comment_status":"closed","ping_status":"closed","template":"","meta":{"neve_meta_sidebar":"","neve_meta_container":"","neve_meta_enable_content_width":"","neve_meta_content_width":0,"neve_meta_title_alignment":"","neve_meta_author_avatar":"","neve_post_elements_order":"","neve_meta_disable_header":"","neve_meta_disable_footer":"","neve_meta_disable_title":"","footnotes":""},"class_list":["post-132","page","type-page","status-publish","hentry"],"_links":{"self":[{"href":"https:\/\/www.laserantitabac.pro\/index.php\/wp-json\/wp\/v2\/pages\/132","targetHints":{"allow":["GET"]}}],"collection":[{"href":"https:\/\/www.laserantitabac.pro\/index.php\/wp-json\/wp\/v2\/pages"}],"about":[{"href":"https:\/\/www.laserantitabac.pro\/index.php\/wp-json\/wp\/v2\/types\/page"}],"author":[{"embeddable":true,"href":"https:\/\/www.laserantitabac.pro\/index.php\/wp-json\/wp\/v2\/users\/1"}],"replies":[{"embeddable":true,"href":"https:\/\/www.laserantitabac.pro\/index.php\/wp-json\/wp\/v2\/comments?post=132"}],"version-history":[{"count":0,"href":"https:\/\/www.laserantitabac.pro\/index.php\/wp-json\/wp\/v2\/pages\/132\/revisions"}],"wp:attachment":[{"href":"https:\/\/www.laserantitabac.pro\/index.php\/wp-json\/wp\/v2\/media?parent=132"}],"curies":[{"name":"wp","href":"https:\/\/api.w.org\/{rel}","templated":true}]}}