{"id":354,"date":"2023-11-29T15:33:31","date_gmt":"2023-11-29T14:33:31","guid":{"rendered":"http:\/\/www.laserantitabac.pro\/?page_id=354"},"modified":"2023-12-13T14:37:02","modified_gmt":"2023-12-13T13:37:02","slug":"qui-suis-je","status":"publish","type":"page","link":"https:\/\/www.laserantitabac.pro\/index.php\/qui-suis-je\/","title":{"rendered":"Qui Suis-Je ?"},"content":{"rendered":"\n<figure class=\"wp-block-image size-full\"><img fetchpriority=\"high\" decoding=\"async\" width=\"588\" height=\"884\" src=\"https:\/\/www.laserantitabac.pro\/wp-content\/uploads\/2023\/11\/18f918ba7-a485-46a2-a4af-801fec046cba1.jpg\" alt=\"\" class=\"wp-image-434\" srcset=\"https:\/\/www.laserantitabac.pro\/wp-content\/uploads\/2023\/11\/18f918ba7-a485-46a2-a4af-801fec046cba1.jpg 588w, https:\/\/www.laserantitabac.pro\/wp-content\/uploads\/2023\/11\/18f918ba7-a485-46a2-a4af-801fec046cba1-200x300.jpg 200w\" sizes=\"(max-width: 588px) 100vw, 588px\" \/><\/figure>\n\n\n\n<p><\/p>\n\n\n\n<p>Bonjour <\/p>\n\n\n\n<p>Je m&rsquo;appelle Walter ARGENTINO,  je suis Praticien en Th\u00e9rapies Br\u00e8ves.<\/p>\n\n\n\n<p><\/p>\n\n\n\n<p class=\"has-large-font-size\"><strong><em>BIOGRAPHIE<\/em><\/strong><\/p>\n\n\n\n<p>Partant du postulat que dans chaque comportement il y a une <strong>intention <\/strong>positive, j&rsquo;ai toujours \u00e9cout\u00e9&nbsp;mon prochain, avec beaucoup de bienveillance, d&#8217;empathie et surtout sans jugement.<\/p>\n\n\n\n<p>C\u2019est en 2021, que je d\u00e9cide de me consacrer pleinement \u00e0 ce que je consid\u00e8re \u00eatre ma nouvelle \u00ab\u00a0Mission de Vie\u00a0\u00bb&nbsp;: en me formant comme th\u00e9rapeute&nbsp;sp\u00e9cialit\u00e9 dans le sevrage des addictions, mais aussi dans la gestion des troubles \u00e9motionnels.<br><br>Ce qui me fait parcourir bon nombre&nbsp;de kilom\u00e8tres sur mon Chemin Initiatique.<\/p>\n\n\n\n<p>Dans un 1er temps, c\u2019est aupr\u00e8s, de Micka\u00ebl CARDOT, th\u00e9rapeute en M\u00e9decine Chinoise et th\u00e9rapeute sp\u00e9cialis\u00e9 dans le sevrage des addictions et de son \u00e9pouse Flora, th\u00e9rapeute en auriculoth\u00e9rapie, et th\u00e9rapeute sp\u00e9cialis\u00e9e dans le sevrage des addictions, avec qui je partage les m\u00eames valeurs humaines, que je me suis rapproch\u00e9 pour qu\u2019ils m\u2019enseignent leur savoir et leur technique th\u00e9rapeutique de sevrage d\u2019addictions, par la pratique du laser-anti-tabac&nbsp; dont Ren\u00e9 CARDOT est le pionnier depuis les ann\u00e9es 1990, en France et en Espagne.C&rsquo;est aupr\u00e8s&nbsp;de la famille CARDOT, th\u00e9rapeutes sp\u00e9cialis\u00e9s&nbsp;dans le sevrage des addictions, que je me&nbsp;rapproche&nbsp;pour qu&rsquo;elle m\u2019enseigne son&nbsp;savoir faire.<\/p>\n\n\n\n<p>J&rsquo;assiste \u00e0 des formations \u00e0&nbsp;l&rsquo;Institut Pasteur de Lille,&nbsp;D\u00e9partement&nbsp;d&rsquo;Addictologie avec le Docteur Florence LEJEUNE.<\/p>\n\n\n\n<p>Puis une Certification en Massage R\u00c9FLEXOLOGIE Plantaire et Cranio-Faciale, Sp\u00e9cialisation : Gestion du Stress et Burn Out<\/p>\n\n\n\n<p>Poursuivant sans discontinuit\u00e9 mon parcours initiatique je me forme aupr\u00e8s de PSYNAPSE (\u00e9cole fran\u00e7aise de psychoth\u00e9rapie), \u00e0 l&rsquo;HYPNOSE ERICKSONIENNE, avec certaines sp\u00e9cialisations dont  : Arr\u00eat du Tabac et Addictions, Hypnose et Sexoth\u00e9rapie, Hypno-Magn\u00e9tisme<\/p>\n\n\n\n<p>Mais aussi \u00e0 d&rsquo;autres Th\u00e9rapies Br\u00e8ves telles que la PNL (Programmation Neuro Linguistique) et la DNR (Deep neural Repatterning) <\/p>\n\n\n\n<p><\/p>\n\n\n\n<p class=\"has-large-font-size\"><strong><em>PR\u00c9SENTATION <\/em><\/strong><\/p>\n\n\n\n<p>Je vous accompagne pour&nbsp;mieux vivre et vous lib\u00e9rez de probl\u00e9matiques et&nbsp;des comportements qui en d\u00e9coulent, gr\u00e2ce \u00e0 diff\u00e9rents&nbsp;outils de Th\u00e9rapies Br\u00e8ves :&nbsp;<\/p>\n\n\n\n<ul class=\"wp-block-list\">\n<li>HYPNOSE (Hypnose Ericksonienne) : Rendre accessible&nbsp;des ressources peu exploit\u00e9es de votre cerveau et activer ses pouvoirs d\u2019autogu\u00e9rison et de changements.<\/li>\n\n\n\n<li>PNL&nbsp;(Programmation Neuro-Linguistique) : D\u00e9programmer certains sch\u00e9mas n\u00e9gatifs, et reprogrammer nos propres mod\u00e8les de r\u00e9ussite.&nbsp;<\/li>\n\n\n\n<li>DNR&nbsp;(Deep Neural Repatterning)&nbsp; : Op\u00e9rer des changements en profondeur. Bien plus efficace que l&rsquo;EMDR. On&nbsp;peut \u00abnettoyer\u00bb des cha\u00eenes de traumas successifs, stopper l\u2019accumulation de traumas, les phobies, le manque de confiance en soi, les peurs conscientes ou inconscientes&#8230;<\/li>\n\n\n\n<li>R\u00c9FLEXOLOGIE PLANTAIRE ET CRANIO-FACIALE : Technique de massage ancestrale. Relaxer le stress et les tensions. Aider \u00e0 r\u00e9tablir votre \u00e9quilibre bio-\u00e9cologique.<\/li>\n\n\n\n<li>LASEROTHERAPIE : Stimuler des points r\u00e9flexes de l&rsquo;oreille&nbsp;pour d\u00e9connecter les synapses de la d\u00e9pendance.&nbsp;<\/li>\n<\/ul>\n\n\n\n<p><\/p>\n\n\n\n<p class=\"has-large-font-size\"><strong><em>MON APPROCHE SUR LES COMPORTEMENTS ADDICTIFS<\/em><\/strong><\/p>\n\n\n\n<p>Une personne qui fonctionne avec des comportements addictifs, en fumant du tabac ou cannabis, en buvant de facon excessive, ou en prennant des (drogues) psychotropes ou substances psycho-actives, est parfaitement consciente qu&rsquo;elle met sa vie en danger et n&rsquo;a pas besoin d&rsquo;\u00eatre stigmatis\u00e9e.<br>C&rsquo;est pour cela qu&rsquo;un bon th\u00e9rapeute se doit d&rsquo;\u00eatre toujours empathique, compr\u00e9hensif et neutre.<\/p>\n\n\n\n<p>Il faut aussi bien comprendre que l&rsquo;addiction est une pathologie.<\/p>\n\n\n\n<p>Est-ce que l&rsquo;on jugerait n\u00e9gativement quelqu&rsquo;un qui fait de l&rsquo;hypertension ?<br><br>La r\u00e9ponse est : NON.<br><br>Fumer, boire ou prendre des psychotropes ou substances psycho-actives&nbsp;n&rsquo;est pas un vice, ni une faiblesse : C&rsquo;est une maladie que l&rsquo;on peut traiter.<br>J&rsquo;ai donc mis en place ma propre boite \u00e0 outils th\u00e9rapeutique&nbsp;accompagn\u00e9e d&rsquo;un suivi personnalis\u00e9 d&rsquo;autre part, aux fins de traiter les addcitions de la m\u00e9thode qui me parait la plus efficace.<\/p>\n\n\n\n<p><\/p>\n\n\n\n<p class=\"has-large-font-size\"><em><strong>COMMENT SE D\u00c9ROULE UNE S\u00c9ANCE <\/strong><\/em><\/p>\n\n\n\n<p>Les s\u00e9ances durent&nbsp;entre&nbsp;<strong>1h et 1h30<\/strong>, et sont articul\u00e9es de la mani\u00e8re suivante :<\/p>\n\n\n\n<p>&nbsp; &#8211;&nbsp;<strong>ECHANGE <\/strong>:<\/p>\n\n\n\n<ul class=\"wp-block-list\">\n<li>Echange pr\u00e9alable pour mieux vous conna\u00eetre&nbsp;ou faire le point depuis la s\u00e9ance pr\u00e9c\u00e9dente<\/li>\n\n\n\n<li>D\u00e9finition des objectifs<\/li>\n\n\n\n<li>Echange sur le plan d\u2019action th\u00e9rapeutique envisag\u00e9<\/li>\n<\/ul>\n\n\n\n<p>&nbsp; &#8211;&nbsp;<strong>HYPNOSE &#8211; PNL &#8211; DNR &#8211; LASEROTHERAPIE (laser + Auriculoth\u00e9rapie) &#8211; REFLEXOLOGIE&nbsp;PLANTAIRE et CRANIO-FACIALE<\/strong>&nbsp;:<\/p>\n\n\n\n<ul class=\"wp-block-list\">\n<li>Accompagnement au travers d\u2019outils th\u00e9rapeutiques,&nbsp;afin de vous aider \u00e0 vivre une exp\u00e9rience unique, agr\u00e9able,lib\u00e9ratrice, et efficace.<\/li>\n<\/ul>\n\n\n\n<p>&nbsp; &#8211;&nbsp;<strong>FIN DE S\u00c9ANCE<\/strong>&nbsp;:<\/p>\n\n\n\n<ul class=\"wp-block-list\">\n<li>Debriefing&nbsp;sur la s\u00e9ance<\/li>\n<\/ul>\n\n\n\n<p>La dur\u00e9e de l\u2019accompagnement peut varier, s&rsquo;agissant de th\u00e9rapies br\u00e8ves, en moyenne de 2 \u00e0 5&nbsp;s\u00e9ances selon le chemin \u00e0 parcourir pour retrouver votre mieux-etre.<\/p>\n\n\n\n<p><\/p>\n\n\n\n<p><\/p>\n\n\n\n<p><\/p>\n\n\n\n<p class=\"has-large-font-size\"><strong>POURQUOI ME FAIRE CONFIANCE <\/strong><\/p>\n\n\n\n<figure class=\"wp-block-image size-large\"><img decoding=\"async\" width=\"1024\" height=\"576\" src=\"https:\/\/www.laserantitabac.pro\/wp-content\/uploads\/2023\/11\/image-1024x576.png\" alt=\"\" class=\"wp-image-425\" srcset=\"https:\/\/www.laserantitabac.pro\/wp-content\/uploads\/2023\/11\/image-1024x576.png 1024w, https:\/\/www.laserantitabac.pro\/wp-content\/uploads\/2023\/11\/image-300x169.png 300w, https:\/\/www.laserantitabac.pro\/wp-content\/uploads\/2023\/11\/image-768x432.png 768w, https:\/\/www.laserantitabac.pro\/wp-content\/uploads\/2023\/11\/image.png 1366w\" sizes=\"(max-width: 1024px) 100vw, 1024px\" \/><\/figure>\n\n\n\n<p class=\"has-text-align-center\"><\/p>\n\n\n\n<div style=\"height:38px\" aria-hidden=\"true\" class=\"wp-block-spacer\"><\/div>\n\n\n\n<h2 class=\"wp-block-heading has-text-align-center has-large-font-size\"><\/h2>\n\n\n\n<p class=\"has-large-font-size\"><strong>MES FORMATIONS CERTIFIANTES <\/strong><\/p>\n\n\n\n<p>Formation Sevrage des Addictions (laser + auriculoth\u00e9rapie) \/ M\u00e9thode M.F.C<\/p>\n\n\n\n<p>Formation de Praticien en PNL &#8211; Programmation Neuro-Linguistique<\/p>\n\n\n\n<p>Formation de Praticien en PNL &#8211; Programmation Neuro-Linguistique | Psynapse &#8211; Ecole de psychoth\u00e9rapie<\/p>\n\n\n\n<p>Formation de Ma\u00eetre Praticien en PNL<\/p>\n\n\n\n<p>Formation de Ma\u00eetre Praticien en PNL | Psynapse &#8211; Ecole de psychoth\u00e9rapie<\/p>\n\n\n\n<p>Formation de Praticien en DNR &#8211; Deep Neural Repatterning<\/p>\n\n\n\n<p>Formation de Praticien en DNR &#8211; Deep Neural Repatterning | Psynapse &#8211; Ecole de psychoth\u00e9rapie<\/p>\n\n\n\n<p>Formation de Praticien en Hypnose Ericksonienne<\/p>\n\n\n\n<p>Formation de Praticien en Hypnose Ericksonienne | Psynapse &#8211; Ecole de psychoth\u00e9rapie<\/p>\n\n\n\n<p>Sp\u00e9cialisation en Speed Hypnose<\/p>\n\n\n\n<p>Sp\u00e9cialisation en Speed Hypnose | Psynapse &#8211; Ecole de psychoth\u00e9rapie<\/p>\n\n\n\n<p>Formation de Praticien en Hypno-Magn\u00e9tisme<\/p>\n\n\n\n<p>Formation de Praticien en Hypno-Magn\u00e9tisme | Psynapse &#8211; Ecole de psychoth\u00e9rapie<\/p>\n\n\n\n<p>Formation en Hypnose et Sexoth\u00e9rapie<\/p>\n\n\n\n<p>Formation en Hypnose et Sexoth\u00e9rapie | Psynapse &#8211; Ecole de psychoth\u00e9rapie<\/p>\n\n\n\n<p>Sp\u00e9cialisation en Arr\u00eat du Tabac et Addiction<\/p>\n\n\n\n<p>Sp\u00e9cialisation en Arr\u00eat du Tabac et Addiction | Psynapse &#8211; Ecole de psychoth\u00e9rapie<\/p>\n\n\n\n<p>Formation de Praticien des Massages Bien-\u00eatre &#8211; Massage R\u00e9flexologie cr\u00e2nio-faciale<\/p>\n\n\n\n<p>Formation de Praticien des Massages Bien-\u00eatre &#8211; Massage R\u00e9flexologie Plantaire | Harmonie &#8211; Bien-\u00eatre<\/p>\n\n\n\n<p><\/p>\n\n\n\n<div class=\"wp-block-columns is-layout-flex wp-container-core-columns-is-layout-9d6595d7 wp-block-columns-is-layout-flex\">\n<div class=\"wp-block-column is-layout-flow wp-block-column-is-layout-flow\">\n<p class=\"has-neve-text-color-color has-text-color\"><\/p>\n\n\n\n<p><\/p>\n<\/div>\n<\/div>\n\n\n\n<div class=\"wp-block-cover alignfull\" style=\"min-height:300px;aspect-ratio:unset;\"><span aria-hidden=\"true\" class=\"wp-block-cover__background has-nv-dark-bg-background-color has-background-dim-100 has-background-dim\"><\/span><div class=\"wp-block-cover__inner-container is-layout-flow wp-block-cover-is-layout-flow\">\n<div style=\"height:80px\" aria-hidden=\"true\" class=\"wp-block-spacer\"><\/div>\n\n\n\n<h2 class=\"wp-block-heading has-text-align-center\">Il est temps pour vous, prenez rendez-vous.<\/h2>\n\n\n\n<div class=\"wp-block-buttons is-content-justification-center is-layout-flex wp-container-core-buttons-is-layout-14c487f4 wp-block-buttons-is-layout-flex\">\n<div class=\"wp-block-button\"><a class=\"wp-block-button__link has-neve-link-color-background-color has-background wp-element-button\" href=\"https:\/\/www.medoucine.com\/consultation\/bayonne\/walter-argentino\/4138\" target=\"_blank\" rel=\"noreferrer noopener\">PRENDRE RDV<\/a><\/div>\n<\/div>\n\n\n\n<div style=\"height:80px\" aria-hidden=\"true\" class=\"wp-block-spacer\"><\/div>\n<\/div><\/div>\n","protected":false},"excerpt":{"rendered":"<p>Bonjour Je m&rsquo;appelle Walter ARGENTINO, je suis Praticien en Th\u00e9rapies Br\u00e8ves. BIOGRAPHIE Partant du postulat que dans chaque comportement il y a une intention positive, j&rsquo;ai toujours \u00e9cout\u00e9&nbsp;mon prochain, avec beaucoup de bienveillance, d&#8217;empathie et surtout sans jugement. C\u2019est en 2021, que je d\u00e9cide de me consacrer pleinement \u00e0 ce que je consid\u00e8re \u00eatre ma nouvelle \u00ab\u00a0Mission de Vie\u00a0\u00bb&nbsp;: en me formant comme th\u00e9rapeute&nbsp;sp\u00e9cialit\u00e9 dans le sevrage des addictions, mais aussi dans la gestion des troubles \u00e9motionnels. Ce qui me fait parcourir bon nombre&nbsp;de kilom\u00e8tres sur mon Chemin Initiatique. Dans un 1er temps, c\u2019est aupr\u00e8s, de Micka\u00ebl CARDOT, th\u00e9rapeute en M\u00e9decine Chinoise et th\u00e9rapeute sp\u00e9cialis\u00e9 dans le sevrage des addictions et de son \u00e9pouse Flora, th\u00e9rapeute en auriculoth\u00e9rapie, et th\u00e9rapeute sp\u00e9cialis\u00e9e dans le sevrage des addictions, avec qui je partage les m\u00eames valeurs humaines, que je me suis rapproch\u00e9 pour qu\u2019ils m\u2019enseignent leur savoir et leur technique th\u00e9rapeutique de sevrage d\u2019addictions, par la pratique du laser-anti-tabac&nbsp; dont Ren\u00e9 CARDOT est le pionnier depuis les ann\u00e9es 1990, en France et en Espagne.C&rsquo;est aupr\u00e8s&nbsp;de la famille CARDOT, th\u00e9rapeutes sp\u00e9cialis\u00e9s&nbsp;dans le sevrage des addictions, que je me&nbsp;rapproche&nbsp;pour qu&rsquo;elle m\u2019enseigne son&nbsp;savoir faire. J&rsquo;assiste \u00e0 des formations \u00e0&nbsp;l&rsquo;Institut Pasteur de Lille,&nbsp;D\u00e9partement&nbsp;d&rsquo;Addictologie avec le Docteur Florence LEJEUNE. Puis une Certification en Massage R\u00c9FLEXOLOGIE Plantaire et Cranio-Faciale, Sp\u00e9cialisation : Gestion du Stress et Burn Out Poursuivant sans discontinuit\u00e9 mon parcours initiatique je me forme aupr\u00e8s de PSYNAPSE (\u00e9cole fran\u00e7aise de psychoth\u00e9rapie), \u00e0 l&rsquo;HYPNOSE ERICKSONIENNE, avec certaines sp\u00e9cialisations dont : Arr\u00eat du Tabac et Addictions, Hypnose et Sexoth\u00e9rapie, Hypno-Magn\u00e9tisme Mais aussi \u00e0 d&rsquo;autres Th\u00e9rapies Br\u00e8ves telles que la PNL (Programmation Neuro Linguistique) et la DNR (Deep neural Repatterning) PR\u00c9SENTATION Je vous accompagne pour&nbsp;mieux vivre et vous lib\u00e9rez de probl\u00e9matiques et&nbsp;des comportements qui en d\u00e9coulent, gr\u00e2ce \u00e0 diff\u00e9rents&nbsp;outils de Th\u00e9rapies Br\u00e8ves :&nbsp; MON APPROCHE SUR LES COMPORTEMENTS ADDICTIFS Une personne qui fonctionne avec des comportements addictifs, en fumant du tabac ou cannabis, en buvant de facon excessive, ou en prennant des (drogues) psychotropes ou substances psycho-actives, est parfaitement consciente qu&rsquo;elle met sa vie en danger et n&rsquo;a pas besoin d&rsquo;\u00eatre stigmatis\u00e9e.C&rsquo;est pour cela qu&rsquo;un bon th\u00e9rapeute se doit d&rsquo;\u00eatre toujours empathique, compr\u00e9hensif et neutre. Il faut aussi bien comprendre que l&rsquo;addiction est une pathologie. Est-ce que l&rsquo;on jugerait n\u00e9gativement quelqu&rsquo;un qui fait de l&rsquo;hypertension ? La r\u00e9ponse est : NON. Fumer, boire ou prendre des psychotropes ou substances psycho-actives&nbsp;n&rsquo;est pas un vice, ni une faiblesse : C&rsquo;est une maladie que l&rsquo;on peut traiter.J&rsquo;ai donc mis en place ma propre boite \u00e0 outils th\u00e9rapeutique&nbsp;accompagn\u00e9e d&rsquo;un suivi personnalis\u00e9 d&rsquo;autre part, aux fins de traiter les addcitions de la m\u00e9thode qui me parait la plus efficace. COMMENT SE D\u00c9ROULE UNE S\u00c9ANCE Les s\u00e9ances durent&nbsp;entre&nbsp;1h et 1h30, et sont articul\u00e9es de la mani\u00e8re suivante : &nbsp; &#8211;&nbsp;ECHANGE : &nbsp; &#8211;&nbsp;HYPNOSE &#8211; PNL &#8211; DNR &#8211; LASEROTHERAPIE (laser + Auriculoth\u00e9rapie) &#8211; REFLEXOLOGIE&nbsp;PLANTAIRE et CRANIO-FACIALE&nbsp;: &nbsp; &#8211;&nbsp;FIN DE S\u00c9ANCE&nbsp;: La dur\u00e9e de l\u2019accompagnement peut varier, s&rsquo;agissant de th\u00e9rapies br\u00e8ves, en moyenne de 2 \u00e0 5&nbsp;s\u00e9ances selon le chemin \u00e0 parcourir pour retrouver votre mieux-etre. POURQUOI ME FAIRE CONFIANCE MES FORMATIONS CERTIFIANTES Formation Sevrage des Addictions (laser + auriculoth\u00e9rapie) \/ M\u00e9thode M.F.C Formation de Praticien en PNL &#8211; Programmation Neuro-Linguistique Formation de Praticien en PNL &#8211; Programmation Neuro-Linguistique | Psynapse &#8211; Ecole de psychoth\u00e9rapie Formation de Ma\u00eetre Praticien en PNL Formation de Ma\u00eetre Praticien en PNL | Psynapse &#8211; Ecole de psychoth\u00e9rapie Formation de Praticien en DNR &#8211; Deep Neural Repatterning Formation de Praticien en DNR &#8211; Deep Neural Repatterning | Psynapse &#8211; Ecole de psychoth\u00e9rapie Formation de Praticien en Hypnose Ericksonienne Formation de Praticien en Hypnose Ericksonienne | Psynapse &#8211; Ecole de psychoth\u00e9rapie Sp\u00e9cialisation en Speed Hypnose Sp\u00e9cialisation en Speed Hypnose | Psynapse &#8211; Ecole de psychoth\u00e9rapie Formation de Praticien en Hypno-Magn\u00e9tisme Formation de Praticien en Hypno-Magn\u00e9tisme | Psynapse &#8211; Ecole de psychoth\u00e9rapie Formation en Hypnose et Sexoth\u00e9rapie Formation en Hypnose et Sexoth\u00e9rapie | Psynapse &#8211; Ecole de psychoth\u00e9rapie Sp\u00e9cialisation en Arr\u00eat du Tabac et Addiction Sp\u00e9cialisation en Arr\u00eat du Tabac et Addiction | Psynapse &#8211; Ecole de psychoth\u00e9rapie Formation de Praticien des Massages Bien-\u00eatre &#8211; Massage R\u00e9flexologie cr\u00e2nio-faciale Formation de Praticien des Massages Bien-\u00eatre &#8211; Massage R\u00e9flexologie Plantaire | Harmonie &#8211; Bien-\u00eatre<\/p>\n","protected":false},"author":1,"featured_media":0,"parent":0,"menu_order":0,"comment_status":"closed","ping_status":"closed","template":"","meta":{"neve_meta_sidebar":"","neve_meta_container":"","neve_meta_enable_content_width":"","neve_meta_content_width":0,"neve_meta_title_alignment":"","neve_meta_author_avatar":"","neve_post_elements_order":"","neve_meta_disable_header":"","neve_meta_disable_footer":"","neve_meta_disable_title":"","footnotes":""},"class_list":["post-354","page","type-page","status-publish","hentry"],"_links":{"self":[{"href":"https:\/\/www.laserantitabac.pro\/index.php\/wp-json\/wp\/v2\/pages\/354","targetHints":{"allow":["GET"]}}],"collection":[{"href":"https:\/\/www.laserantitabac.pro\/index.php\/wp-json\/wp\/v2\/pages"}],"about":[{"href":"https:\/\/www.laserantitabac.pro\/index.php\/wp-json\/wp\/v2\/types\/page"}],"author":[{"embeddable":true,"href":"https:\/\/www.laserantitabac.pro\/index.php\/wp-json\/wp\/v2\/users\/1"}],"replies":[{"embeddable":true,"href":"https:\/\/www.laserantitabac.pro\/index.php\/wp-json\/wp\/v2\/comments?post=354"}],"version-history":[{"count":0,"href":"https:\/\/www.laserantitabac.pro\/index.php\/wp-json\/wp\/v2\/pages\/354\/revisions"}],"wp:attachment":[{"href":"https:\/\/www.laserantitabac.pro\/index.php\/wp-json\/wp\/v2\/media?parent=354"}],"curies":[{"name":"wp","href":"https:\/\/api.w.org\/{rel}","templated":true}]}}